lse
Is 80008271 a multiple of 383?
False
Is 126361048 a multiple of 1220?
False
Is 1304052750 a multiple of 3474?
True
Does 15 divide 1527024435?
True
Is 8538686 a multiple of 175?
False
Is 8264223 a multiple of 33?
True
Does 241 divide 23949349?
False
Does 11435 divide 2243447791?
False
Does 1225 divide 533677417?
False
Is 55747496 a multiple of 71?
True
Does 540 divide 1780833060?
True
Is 21841479 a multiple of 17?
False
Is 56 a factor of 159180392?
True
Is 109548540 a multiple of 235?
True
Is 65984996 a multiple of 22?
True
Does 28 divide 172389325?
False
Is 4862 a factor of 321975808?
False
Is 53 a factor of 2617876647?
True
Is 507 a factor of 139070100?
True
Does 5544 divide 611996616?
True
Is 28504312 a multiple of 925?
False
Does 19 divide 3663896293?
True
Is 1345536213 a multiple of 30?
False
Is 92619477 a multiple of 25?
False
Is 2108 a factor of 191612984?
True
Is 3 a factor of 28624725?
True
Does 2775 divide 5836831245?
False
Is 706 a factor of 58376336?
False
Is 5343366 a multiple of 41?
True
Is 2414 a factor of 32590282?
False
Is 5 a factor of 1466999867?
False
Is 448208310 a multiple of 205?
True
Is 4966503 a multiple of 214?
False
Is 319 a factor of 864603910?
False
Does 1291 divide 4034870744?
True
Is 11 a factor of 879552331?
False
Does 370 divide 26755810?
True
Does 125 divide 114048489?
False
Is 338 a factor of 19567834?
True
Does 1248 divide 702767520?
True
Is 292 a factor of 356499296?
True
Does 139 divide 128770990?
True
Is 319 a factor of 11834708?
False
Does 7 divide 19809965?
True
Is 4473567 a multiple of 7?
True
Is 290 a factor of 54366010?
True
Is 209687491 a multiple of 4777?
False
Is 43650822 a multiple of 6?
True
Is 185145257 a multiple of 42?
False
Does 983 divide 31946439?
False
Does 760 divide 465716600?
True
Is 25 a factor of 30300998?
False
Is 3957230 a multiple of 5?
True
Does 24 divide 28414248?
True
Is 540324484 a multiple of 1337?
True
Does 290 divide 285590206?
False
Does 150 divide 134819850?
True
Is 5932 a factor of 324792460?
False
Does 17 divide 32894558?
True
Is 112 a factor of 2014428543?
False
Does 104 divide 184261150?
False
Is 6627 a factor of 603640176?
True
Is 2134 a factor of 87451320?
True
Is 545200695 a multiple of 117?
True
Does 22 divide 32962465?
False
Does 746 divide 84754552?
True
Is 26 a factor of 8061086?
False
Is 5 a factor of 12656602?
False
Is 96657128 a multiple of 905?
False
Is 1250347766 a multiple of 509?
False
Does 69 divide 863919537?
True
Is 125 a factor of 914049685?
False
Is 81 a factor of 51796572?
False
Is 58432115 a multiple of 158?
False
Does 2858 divide 66851979?
False
Is 216 a factor of 18550296?
True
Is 8 a factor of 107527168?
True
Does 1204 divide 110858300?
True
Is 1844 a factor of 37540152?
True
Is 70 a factor of 11077087?
False
Is 12152311 a multiple of 66?
False
Is 60 a factor of 7206214080?
True
Is 203941854 a multiple of 3?
True
Is 5 a factor of 157243?
False
Does 84 divide 2400448092?
True
Is 9 a factor of 34373403?
True
Is 60257464 a multiple of 34?
False
Is 128097073 a multiple of 8?
False
Is 44740449 a multiple of 1651?
True
Is 83 a factor of 24880329?
True
Does 5 divide 15304753?
False
Is 156 a factor of 271006164?
True
Does 1325 divide 599134635?
False
Does 492 divide 14563559?
False
Is 366413606 a multiple of 2014?
False
Does 333 divide 24680961?
True
Is 30499656 a multiple of 132?
True
Does 9 divide 229181150?
False
Is 161882651 a multiple of 5?
False
Is 506 a factor of 50176478?
True
Does 694 divide 1843958?
True
Does 657 divide 227216223?
True
Does 149 divide 10261630?
True
Is 7 a factor of 837753?
True
Is 753931832 a multiple of 761?
True
Does 8 divide 6415328?
True
Does 441 divide 70810477?
False
Is 911616650 a multiple of 350?
True
Is 42545838 a multiple of 117?
False
Does 202 divide 22031130?
True
Is 3167348375 a multiple of 2831?
False
Is 41 a factor of 284198839?
True
Is 33 a factor of 323758974?
True
Is 2274357 a multiple of 108?
False
Does 3 divide 49221069?
True
Is 14052942 a multiple of 70?
False
Does 1431 divide 16575273?
True
Is 1383856756 a multiple of 692?
True
Is 6 a factor of 3246166?
False
Is 1357 a factor of 51614852?
True
Is 12121539 a multiple of 3?
True
Does 29 divide 119926107?
True
Is 523 a factor of 404295746?
False
Is 58 a factor of 1736896130?
True
Is 28033548 a multiple of 537?
True
Is 44745840 a multiple of 2088?
True
Is 9 a factor of 20091787?
False
Is 326 a factor of 757169556?
True
Is 1930904926 a multiple of 15?
False
Is 142617851 a multiple of 96?
False
Is 20 a factor of 72436620?
True
Does 44 divide 980041876?
True
Is 2404712211 a multiple of 24?
False
Is 517771150 a multiple of 26?
True
Is 72160240 a multiple of 9?
False
Does 12 divide 124002012?
True
Is 42 a factor of 37026045?
False
Does 116 divide 35955114?
False
Is 11732170 a multiple of 418?
False
Is 1005070402 a multiple of 14?
True
Does 24 divide 1684405480?
False
Is 7 a factor of 24001412?
False
Does 36 divide 1942630?
False
Does 972 divide 252686952?
True
Is 1627657102 a multiple of 1548?
False
Does 1552 divide 390137104?
True
Is 88 a factor of 401712872?
True
Does 155 divide 143295175?
True
Is 921 a factor of 1754271066?
True
Is 858231353 a multiple of 2222?
False
Is 77698390 a multiple of 154?
True
Does 804 divide 447860477?
False
Does 4 divide 70290437?
False
Does 504 divide 332559256?
False
Is 473 a factor of 252566416?
False
Is 1058 a factor of 43627792?
False
Is 76009174 a multiple of 29?
True
Is 62890408 a multiple of 63?
False
Is 133350300 a multiple of 84?
False
Is 237823370 a multiple of 85?
True
Does 76 divide 18263180?
True
Is 810980 a multiple of 20?
True
Is 485629161 a multiple of 1802?
False
Does 54 divide 351827766?
True
Does 233 divide 183837699?
True
Is 167 a factor of 365078700?
True
Is 1846080 a multiple of 32?
True
Is 25 a factor of 5208774002?
False
Does 1192 divide 126654768?
True
Does 292 divide 237815896?
True
Does 613 divide 29048844?
True
Is 70 a factor of 84721070?
True
Is 29603558 a multiple of 7?
False
Does 2 divide 1640136?
True
Is 182 a factor of 547685033?
False
Is 197 a factor of 178108387?
False
Is 99118268 a multiple of 106?
True
Does 62 divide 447224150?
False
Does 14 divide 573440296?
False
Is 33058966 a multiple of 883?
False
Is 2828 a factor of 39781476?
True
Does 296 divide 1363080?
True
Is 82 a factor of 15807574?
False
Does 7 divide 4222320?
False
Is 124 a factor of 1197592?
True
Is 24 a factor of 1354644048?
True
Is 19121916 a multiple of 124?
True
Does 9 divide 2903490?
True
Does 33 divide 109355103?
True
Does 14211 divide 34916427?
True
Does 26 divide 6549478?
True
Does 284 divide 6600350?
False
Does 111 divide 110342880?
True
Is 23 a factor of 86638815?
True
Does 4 divide 37102808?
True
Is 1253 a factor of 3910464410?
False
Is 224531992 a multiple of 902?
False
Is 4619920 a multiple of 40?
True
Is 295294483 a multiple of 6?
False
Is 840153282 a multiple of 1101?
True
Is 12070600 a multiple of 3?
False
Is 690625842 a multiple of 1698?
True
Does 31 divide 616681077?
False
Does 2057 divide 193511631?
False
Is 35575656 a multiple of 193?
False
Does 20 divide 4193532?
False
Does 15 divide 9493650?
True
Does 15 divide 385497135?
True
Is 5470 a factor of 939696770?
True
Does 17 divide 464129172?
True
Is 734370013 even?
False
Is 127014250 a multiple of 1375?
True
Is 1154997 a multiple of 3?
True
Does 79 divide 5113614?
False
Does 15 divide 333529488?
False
Does 4755 divide 3435740209?
False
Is 25 a factor of 4109594200?
True
Is 203 a factor of 13243923?
True
Is 243411362 a multiple of 131?
True
Is 167369840 a multiple of 159?
False
Is 147296207 a multiple of 2311?
True
Is 581 a factor of 340036012?
False
Is 3842 a factor of 63873250?
True
Is 32 a factor of 154115456?
True
Does 57 divide 3205443678?
True
Does 17 divide 886385950?
True
Is 141 a factor of 2030682?
True
Does 13 divide 9483295?
False
Is 1331962044 a multiple of 12?
True
Is 1569713149 a multiple of 19?
False
Is 426 a factor of 4949345676?
False
Does 9 divide 25481772?
True
Is 742916500 a multiple of 4409?
True
Is 462 a factor of 14380212?
True
Does 4 divide 50138176?
True
Is 3904 a factor of 785655641?
False
Is 2140 a factor of 79894284?
False
Does 580 divide 975499573?
False
Does 31 divide 103915653?
False
Is 13 a factor of 401896230?
False
Does 28 